618 (base 14) to base 9.
-17626
What is 10212222 (base 4) in base 12?
aab6
745 (base 15) to base 14
852
Convert a3 (base 15) to base 10.
153
What is -160 (base 15) in base 8?
-473
What is -371 (base 9) in base 15?
-157
What is 2675 (base 8) in base 5?
21334
203c (base 13) to base 14
1897
What is 30200 (base 4) in base 5?
11200
Convert -718b (base 14) to base 12.
-b373
What is 3b0 (base 12) in base 6?
2340
1011110010100 (base 2) to base 7
23412
Convert -13dc (base 14) to base 9.
-4747
Convert -31466 (base 7) to base 16.
-1e6e
Convert -2fc3 (base 16) to base 3.
-121202212
What is -306 (base 7) in base 8?
-231
What is 210022 (base 4) in base 5?
33224
2730 (base 9) to base 5
31202
1043 (base 5) to base 4
2110
Convert -1224 (base 13) to base 12.
-1599
Convert 27845 (base 10) to base 11.
19a14
What is 1025 (base 7) in base 8?
552
12220 (base 4) to base 7
1144
Convert -b162 (base 14) to base 15.
-9061
What is -112200 (base 4) in base 6?
-10400
What is 8c30 (base 15) in base 5?
1422440
Convert 40a53 (base 12) to base 15.
1a04c
-1b3 (base 13) to base 3
-102200
What is b76e (base 15) in base 4?
21132110
What is 6612 (base 13) in base 10?
14211
-16623 (base 7) to base 5
-123040
Convert 357 (base 11) to base 8.
651
What is -1200001 (base 4) in base 5?
-144040
Convert 3023 (base 4) to base 16.
cb
Convert -897 (base 13) to base 4.
-113010
Convert 723 (base 12) to base 16.
40b
10111010001 (base 2) to base 3
2001011
Convert -4151 (base 9) to base 8.
-5743
-333022 (base 4) to base 13
-1abc
Convert -19de (base 15) to base 9.
-7622
What is 110000111 (base 2) in base 15?
1b1
Convert 323233 (base 4) to base 8.
7357
Convert -3387 (base 9) to base 10.
-2509
Convert 1012012 (base 5) to base 9.
24571
-138f (base 16) to base 10
-5007
-70010 (base 8) to base 16
-7008
Convert 5540 (base 14) to base 2.
11100110100100
2021 (base 3) to base 11
56
-4110 (base 5) to base 3
-201122
What is 19460 (base 11) in base 6?
325442
Convert 3658 (base 13) to base 3.
101112101
-8976 (base 14) to base 10
-23820
Convert -11010010 (base 2) to base 7.
-420
-203131 (base 4) to base 3
-10010001
Convert -213 (base 15) to base 4.
-13110
Convert -4502 (base 8) to base 10.
-2370
What is -68214 (base 9) in base 6?
-550021
What is d63 (base 15) in base 7?
11541
What is -1222110 (base 3) in base 11?
-10a2
22 (base 10) to base 2
10110
-1122200 (base 3) to base 13
-71a
Convert -3618 (base 14) to base 7.
-36331
What is -26a (base 13) in base 15?
-1d6
12121233 (base 4) to base 2
110011001101111
What is 24292 (base 10) in base 11?
17284
What is 2223 (base 9) in base 6?
11333
-17d06 (base 14) to base 2
-1110101100010010
What is -4e74 (base 15) in base 14?
-6171
Convert -11202220 (base 4) to base 2.
-101100010101000
Convert -6890 (base 16) to base 15.
-7de8
What is 2807 (base 11) in base 13?
186a
What is -1100120 (base 3) in base 12?
-6a3
What is 6020 (base 7) in base 5?
31242
110111001000101 (base 2) to base 8
67105
10014 (base 7) to base 9
3270
What is -96b (base 13) in base 12?
-b22
-1021313 (base 4) to base 16
-1277
Convert -3012 (base 6) to base 10.
-656
Convert 43001 (base 6) to base 16.
16c9
15431 (base 8) to base 12
4021
-100220022 (base 3) to base 16
-1c31
Convert 1010111101 (base 2) to base 8.
1275
Convert -11ab (base 15) to base 3.
-12011022
What is 69 (base 15) in base 4?
1203
Convert -22041 (base 5) to base 7.
-4302
Convert -89 (base 12) to base 5.
-410
Convert 40334 (base 5) to base 2.
101000100010
What is 22775 (base 13) in base 11?
431a7
What is 1112312 (base 4) in base 10?
5558
Convert -12042 (base 7) to base 14.
-11c9
-16469 (base 10) to base 14
-6005
What is -31020 (base 5) in base 14?
-a38
What is -1404 (base 8) in base 10?
-772
What is -12113 (base 6) in base 12?
-1039
Convert 44885 (base 10) to base 6.
543445
What is 3011002 (base 4) in base 7?
51523
203121 (base 4) to base 15
a10
-1667 (base 9) to base 6
-5524
What is -3e5 (base 16) in base 9?
-1327
What is -11222 (base 5) in base 3?
-1010002
Convert -e5c (base 15) to base 7.
-12303
Convert -461 (base 12) to base 6.
-3001
1303330 (base 4) to base 13
34ba
What is 13d4 (base 16) in base 13?
2406
Convert 43435 (base 8) to base 11.
12750
Convert -2110202 (base 3) to base 12.
-1062
Convert 11111100101 (base 2) to base 6.
13205
-46664 (base 7) to base 5
-341002
112412 (base 5) to base 11
30a4
What is 20204 (base 11) in base 10?
29528
Convert -18a (base 11) to base 16.
-db
Convert 15794 (base 13) to base 11.
28767
What is -d458 (base 16) in base 14?
-15b4c
Convert 63010 (base 8) to base 15.
7b15
-355 (base 8) to base 11
-1a6
What is 45032 (base 9) in base 10?
29918
Convert 1e0 (base 16) to base 7.
1254
-19a9 (base 13) to base 5
-110412
1101100000101011 (base 2) to base 3
2210220121
-34626 (base 7) to base 10
-8889
Convert 2395 (base 11) to base 14.
11d7
5404 (base 8) to base 13
138c
Convert 10202202 (base 3) to base 2.
101010111011
What is 3504 (base 9) in base 3?
10120011
1431 (base 9) to base 8
2071
Convert -1111100011010 (base 2) to base 15.
-255c
Convert -11450 (base 6) to base 7.
-4626
24501 (base 8) to base 5
314221
What is 211233 (base 4) in base 10?
2415
Convert d4be (base 16) to base 14.
15bc2
Convert 31165 (base 7) to base 5.
221032
Convert 16d8 (base 15) to base 9.
6675
Convert -152d (base 16) to base 11.
-4089
168 (base 14) to base 13
192
-314 (base 9) to base 4
-10000
What is -4430 (base 5) in base 3?
-211210
What is 14224 (base 7) in base 2?
111100110001
5264 (base 7) to base 12
10ab
22a (base 14) to base 4
12232
-11150 (base 8) to base 13
-21b6
11011000011010 (base 2) to base 12
8022
-120010 (base 3) to base 5
-3113
844 (base 10) to base 2
1101001100
Convert -38804 (base 11) to base 8.
-154367
What is 3142 (base 7) in base 3?
1112001
What is 514 (base 10) in base 6?
2214
What is -6657 (base 8) in base 2?
-110110101111
-4c (base 16) to base 2
-1001100
16386 (base 11) to base 13
a679
What is 10553 (base 6) in base 5?
22014
Convert 1427 (base 9) to base 10.
1078
Convert 23435 (base 8) to base 16.
271d
28c (base 14) to base 9
633
400 (base 5) to base 2
1100100
Convert 2100212012 (base 3) to base 7.
252503
Convert 2312302 (base 4) to base 12.
692a
-221000 (base 3) to base 14
-363
What is 100211 (base 4) in base 13?
638
What is -7495 (base 11) in base 5?
-304110
What is 6014 (base 9) in base 5?
120022
Convert 1a10 (base 13) to base 3.
12100110
What is -568 (base 12) in base 9?
-1078
What is -56366 (base 8) in base 14?
-895c
2068 (base 9) to base 10
1520
What is 2c101 (base 13) in base 15?
19bc1
Convert 3038 (base 9) to base 14.
b4a
18545 (base 12) to base 9
53418
Convert 2115 (base 6) to base 2.
111011111
What is -545c (base 14) in base 16?
-38fa
What is 21134 (base 11) in base 6?
354243
What is 347 (base 13) in base 14?
2c6
What is -24a (base 11) in base 16?
-128
Convert b7ad (base 16) to base 6.
1001405
What is 2771 (base 10) in base 14?
101d
Convert 4741 (base 10) to base 2.
1001010000101
What is -a515 (base 11) in base 13?
-6458
-121514 (base 8) to base 10
-41804
100010011001 (base 2) to base 5
32301
-20225 (base 8) to base 13
-3a48
-1454 (base 8) to base 13
-4a6
4510 (base 10) to base 4
1012132
What is -613 (base 9) in base 13?
-2c4
-373 (base 16) to base 2
-1101110011
Convert -15075 (base 11) to base 9.
-32283
Convert -11637 (base 14) to base 12.
-20641
-125 (base 16) to base 15
-148
142214 (base 6) to base 11
a13a
22010001 (base 3) to base 13
28cc
-158 (base 12) to base 5
-1322
What is 67737 (base 9) in base 2?
1011000000001110
What is -10010011000 (base 2) in base 13?
-6c6
102026 (base 7) to base 16
4469
Convert 1101001110 (base 2) to base 9.
1140
2341 (base 5) to base 16
15a
-2105 (base 6) to base 14
-25b
Convert 1790 (base 13) to base 6.
24105
Convert -30021 (base 6) to base 3.
-12100111
8547 (base 14) to base 2
101100111010011
Convert -10566 (base 12) to base 2.
-101010000011110
Convert 4497 (base 15) to base 12.
84ba
13234 (base 5) to base 14
565
31a (base 14) to base 7
1533
What is 81 (base 15) in base 4?
1321
What is a0b (base 14) in base 10?
1971
547 (base 10) to base 13
331
Convert -2036 (base 9) to base 7.
-4230
Convert 11010011111011 (base 2) to base 12.
7a23
Convert -100144 (base 9) to base 2.
-1110011100100010
-2474a (base 12) to base 4
-30010222
Convert 38 (base 9) to base 6.
55
Convert 1312 (base 5) to bas